*r - 6 = -2*n. Suppose r = 3*m + 8 - 26. Give g(m).
-1
Let b(y) = 5*y - 2. Let o be -1 - (8/(-2))/(18 + -19). Determine b(o).
-27
Suppose 10 = -0*m + 2*m. Let y(s) = 2*s - 2. Let j be y(-4). Let h = m + j. Let t(c) = c + 7. What is t(h)?
2
Let r(b) = -b**3 - 7*b**2 - 6*b. Let y = -52 - -60. Let c(j) be the third derivative of -j**5/60 + 7*j**4/24 + j**3/3 + j**2. Let q be c(y). Determine r(q).
0
Let o(l) = l**3 - 9*l**2 + 6*l + 10. Let j = -134 + 142. Determine o(j).
-6
Let n = 44 - 28. Suppose -2*r - n = -6*r. Suppose r*u - 3*c - 14 = 0, u - 4*c = 2*u - 13. Let o(t) = t**3 - 5*t**2 - t + 6. What is o(u)?
1
Let f(t) = -t**2 + 8*t - 5. Let v be 5*1 + 12 + -10. Determine f(v).
2
Let y(v) = v**3 + 5*v**2 - 7*v. Let b be (-5)/(75/18)*5. Determine y(b).
6
Let k = -2 - 4. Let q(d) = -d**3 + 0*d**2 - 7*d**2 - 6*d - 5 + 14 - 6. Calculate q(k).
3
Let x(h) = -h**2 - 6*h - 4. Let s(a) be the second derivative of -a**4/3 + a**3/6 - 8*a. Let v be s(-1). What is x(v)?
1
Let z(i) = i + 5. Let v(o) = -o - 6. Let d(j) = -4*v(j) - 5*z(j). Let a(b) = -5*b + 3. Let r(l) = -a(l) - 2*d(l). Let p = 3 - 2. What is r(p)?
6
Let u(f) = 2*f**3 + 3*f**2 - f - 2. Suppose 8*v + 25 = 3*v. Let x be v*((-24)/(-10) + -2). Calculate u(x).
-4
Let d = -3 - 2. Let q(u) = 2*u - 30*u**2 + 2*u + 31*u**2 + 0*u. Calculate q(d).
5
Let h(p) be the third derivative of 11*p**4/24 + 5*p**2. Determine h(-1).
-11
Let p(m) = 9 - 2*m**2 + 11*m + 4*m**2 + 2*m**2 - 3*m**2. Let b be p(-10). Let u(h) = 3*h**2 + h + 1. What is u(b)?
3
Let h = 35 + -30. Let t(l) = l**3 - 4*l**2 - 5*l - 1. Calculate t(h).
-1
Suppose -r + 6 = 2*r. Let m(x) be the first derivative of x - r + 0*x**3 - 3/2*x**4 + x**2. What is m(-1)?
5
Let u(x) = x**2 + 3*x - 3*x + 6*x. Let l(a) = a - 6. Let q be l(-6). Let g be 45/q + (-1)/4. Determine u(g).
-8
Let y(i) be the third derivative of i**6/120 + i**5/20 - 5*i**4/24 - i**3/6 - 5*i**2. What is y(-4)?
3
Let b = 3 + 3. Let y(p) = 2*p - 23. Let r(g) = -3*g + 34. Let o(h) = -5*r(h) - 7*y(h). Determine o(b).
-3
Suppose 6*t - t = 15. Let c(i) = 2 - 4*i + 1 + t*i - 2. Calculate c(1).
0
Let t be (-8)/(-3) - 5/(-15). Let c(m) = -m**3 + 2*m**2 + 3*m. Give c(t).
0
Suppose 0 = -3*h - 2*h. Let v(j) = -3*j - 7. Let m be v(h). Let b(u) = u + 10. What is b(m)?
3
Let k(h) = -h**3 - h + 4*h - 4*h + 4*h**2 - 2. Let n be k(4). Let a be 4/n + (-34)/(-6). Let b(f) = -2*f + 3. Determine b(a).
-7
Let a(k) = -3*k + 2*k**3 + 5 - 3*k**3 + 2*k**2 - 11*k**2 + 4*k**2. Let q be ((-12)/9)/(1/6). Let s be 2/8 - (-34)/q. Determine a(s).
1
Let i(f) = 3*f + 3. Let h(y) = -16*y - 16. Let n(a) = -2*h(a) - 11*i(a). Let b(z) = -z**2 + 7*z + 8. Let o be b(7). Let m = o + -8. Calculate n(m).
-1
Let d(v) = -7*v**2 - 10*v - 19. Let s(o) = 3*o**2 + 5*o + 9. Let u(f) = -2*f**3 - f**2 - f. Let j be u(-1). Let k(n) = j*d(n) + 5*s(n). Calculate k(-5).
7
Let u = -9 - -11. Let n(j) = 2*j + 1. Suppose -2*a - 12 = a. Let o(z) = 2*z + 2. Let b(t) = a*o(t) + 5*n(t). Determine b(u).
1
Let j(g) = 10*g**3 + 25*g**2 + 15*g - 6. Let r(s) = -7*s**3 - 17*s**2 - 10*s + 4. Let l(k) = -5*j(k) - 7*r(k). What is l(-5)?
2
Let r(v) be the first derivative of 4*v**3/3 - v**2 + v + 10. What is r(1)?
3
Let s(z) = -11*z**2 + 22*z - 22*z. Suppose 1 + 1 = 2*y. Calculate s(y).
-11
Suppose 5*r - r = 3*x, -3*r = -2*x - 1. Let n(s) = -4*s**2 + 6*s + 4. Let v(k) = -3*k**2 + 5*k + 3. Let a(j) = -4*n(j) + 5*v(j). Give a(r).
11
Let a = 7 - 13. Let w(s) = -s - 7. Let u be w(a). Let y(m) = -14*m**2 - m. Give y(u).
-13
Let x(f) = f**2 - 5*f. Let t(o) be the second derivative of -o**4/12 - o**3 + 2*o**2 + 2*o. Let l be t(-6). Give x(l).
-4
Suppose 4*m + 2*h = -10, -h - h = -m - 10. Let y = 3 + -3. Let x(b) = -5 + y + 3*b - 6*b. Calculate x(m).
7
Let i = -57 - -60. Let o(c) = -c**2 + c + 3. Give o(i).
-3
Let i = 4 - 1. Let j(w) be the second derivative of -1/6*w**3 + w + 0 + 3*w**2. What is j(i)?
3
Let t(b) = -2*b + 10. Let i(k) = -k - 1. Let g(r) = -5*i(r) - t(r). Let d(n) = -4*n + 3. Let o(v) = -11*d(v) - 6*g(v). What is o(2)?
1
Let b(p) = p**3 - p**2 - p - 1. Suppose -4*w + 1 = -3. Let a = 6 - w. Suppose -a*o + 3 = -7. What is b(o)?
1
Let v(f) = f**2 + 5*f. Let b be (-69)/15 - (-6)/(-15). Determine v(b).
0
Let y be 4 + 0/(7 + -3). Let t(x) be the third derivative of 0*x + 1/24*x**y + x**2 + 1/6*x**3 - 1/60*x**5 - 1/120*x**6 + 0. Give t(0).
1
Let a(q) be the second derivative of 4*q**3/3 + q**2/2 - 3*q. Suppose -5*x + 5 = 3*y, 4*y = -4*x + 6 - 2. Calculate a(x).
9
Let c(t) = 11*t**3 - 5*t - 4. Let u(q) = 5*q**3 - 2*q - 2. Let z(y) = -4*c(y) + 9*u(y). Determine z(2).
10
Let q = 18 - 18. Let t(h) be the third derivative of q + 1/60*h**5 + 4/3*h**3 - 1/3*h**4 - 2*h**2 + 0*h. Give t(6).
-4
Let a(h) be the first derivative of -h**3/3 - 2*h**2 - 2*h + 1. Let w be (15/(-5) + 4)/(2/(-8)). Determine a(w).
-2
Let j(u) be the first derivative of -u**3/3 - 9*u**2/2 - 7*u + 28. What is j(-6)?
11
Let s(n) = 9*n**3 - n**2 - 7*n + 8. Let b(r) = 4*r**3 - 3*r + 4. Let i(u) = 7*b(u) - 3*s(u). Let g = 71 + -74. Give i(g).
4
Let y(h) = 10*h**3 - 2*h**2 - 2*h + 1. Let p(a) = -9*a**3 + a**2 + 2*a - 1. Let t(g) = 4*p(g) + 3*y(g). Calculate t(1).
-7
Let z(g) = -g**3 + g - 6. Let v be (-2 + 4)*(-2)/(-4). Let x be (12 - 12)*v/(-3). Calculate z(x).
-6
Suppose -6*v = 5*w - v - 25, -20 = -4*v. Let n(k) = k**3 - k**2 - k + 27. Give n(w).
27
Let q be 1/4 + (-46)/(-8). Suppose -5*v = -4*b + 32, -7*v = -2*v + 20. Let m(a) = -q - a**2 + 6*a**2 - b*a + a**3 - a**2. Calculate m(-4).
6
Let h(q) = -2*q - 7. Suppose v = 2*v - 5*k - 130, 4*v = -k + 562. Let d be v/(-25) - (-2)/(-5). What is h(d)?
5
Let s(r) = 3*r**2 + 4*r + 1. Let c be s(-3). Suppose 0 = m - 5, -v + m - 3*m = -c. Let u(t) = v*t + 1 - 5*t + 1. Calculate u(5).
7
Let v(n) = -n + 1. Let j(w) = 6*w - 10. Let s(q) = -j(q) - 5*v(q). Calculate s(6).
-1
Let o be 4/24 - (-29)/6. Let f(g) = -2*g + 3. Determine f(o).
-7
Suppose 4*g = 3*g + 6. Let i = -4 + g. Let o(q) = -q**i + 5*q**2 + 0*q**3 + 4*q + 3 + q**3. Calculate o(-2).
3
Let u(o) be the first derivative of -o**3/3 - 3*o**2/2 - 18. Give u(3).
-18
Let h(k) be the third derivative of -k**6/120 + 2*k**5/15 + k**4/24 - 2*k**3/3 - 2*k**2. Let x be h(8). Let m(v) = 6 - x*v**2 + 1 - 2 - v**3 - v. Give m(-4).
9
Let h(i) = 3*i + 11*i**3 + 2 - 4 + 3 - 12*i**3 - 2*i**2. Determine h(-2).
-5
Let n(z) = z**3 + 3*z**2 + 5*z + 4. Let m be n(-2). Let j(i) = -i**3 - i**2 - 3*i - 2. Calculate j(m).
8
Let n = 15 + -24. Let t be (21/n)/((-4)/12). Let g(b) = b**3 - 8*b**2 + 8*b - 3. Determine g(t).
4
Let l be 1*4 + 5/15*6. Let c(z) = z - 1. Determine c(l).
5
Let u(c) = -c**3 + c**2 + 7*c + 5. Let x(m) = m**3 - m**2 - 8*m - 6. Let a(y) = -7*u(y) - 6*x(y). Give a(3).
16
Suppose 4*p - 3*a + 3 = 0, 2*a = -3*a + 25. Let n(r) = -18*r - 2*r**3 - 2*r**2 + 3 + 16*r + p*r**3. Determine n(2).
-1
Let c(g) = -1 + 2*g + 3 - 3*g. Calculate c(2).
0
Let q(t) be the first derivative of -t**4/12 - t**3/3 + t**2 + t + 1. Let y(o) be the first derivative of q(o). Give y(-3).
-1
Let h(z) be the first derivative of 6 - 1/3*z**3 - 3*z**2 - 6*z. What is h(-5)?
-1
Let u(p) be the first derivative of -7/2*p**2 + 3 + 0*p. What is u(-1)?
7
Suppose -3*o + i - 6*i - 1 = 0, o + i = 1. Let l(w) = w**2 - 5*w + 4. Calculate l(o).
-2
Let d(q) = -6*q**2 + 6*q + 10. Let h(g) = -2*g + 0*g**2 + 6*g**2 - 3*g**2 - g**2 - 3. Let j(a) = -2*d(a) - 7*h(a). Give j(-1).
-3
Let y(l) = -6*l + 3. Let a(v) = 5*v. Let k(g) = -10*g - 1. Let w(h) = 7*a(h) + 3*k(h). Let s(n) = 4*w(n) + 3*y(n). Give s(5).
7
Suppose -3*k - 4*y = -18, -5*k - 3*y + 13 = -2*y. Let m(h) be the second derivative of -3*h - 2/3*h**3 - k*h**2 + 0 - 1/6*h**4. Determine m(-3).
-10
Let o(f) = 6*f - 1 + 4*f**3 + f - 8*f**2 + f - 3*f**3. Calculate o(7).
6
Let p(x) be the third derivative of -x**4/24 - x**3/3 + 3*x**2. Give p(-2).
0
Let g = -7 - -11. Let a(s) = -s - 1. Let j(y) = y**3 - 5*y**2 - 3*y - 6. Let i(q) = g*a(q) - j(q). Give i(4).
14
Let k(z) = -3*z**2 + z + 2. Let v be (-2)/(-9) - 80/(-45). Suppose 2*u = -v + 6. Determine k(u).
-8
Let o(p) = -4*p. Let s(y) = 11*y. Let k(v) = 8*o(v) + 3*s(v). Calculate k(6).
6
Let x(m) = m. Let i(z) = -z - 1. Let t(c) = i(c) - 5*x(c). What is t(-2)?
11
Let t be ((-177)/6)/(2/(-4)). Let l = t + -35. Let v be (-3)/((-4)/(l/(-9))). Let o(n) = 2*n + 1. Cal